 be h(j). Let y(a) = a**2 + 4 + 8 + 134*a - 13 - 137*a. Calculate y(p).
3
Let a(d) = -33380349*d**2 - 5 + 33380349*d**2 + d**3 + 5*d. Determine a(0).
-5
Let i = 46 + -46. Suppose -7*c - 53 + 193 = i. Suppose -5*v = -v - c. Let a(k) = -k**3 + 5*k**2 + 3. Give a(v).
3
Let f(g) = -8*g - 10. Let q be f(-23). Let x(l) = -9 - q*l - 174*l + 347*l. Give x(-6).
-3
Let x be ((-54)/162)/((-2)/18). Let r(b) = b - 3 + 7 - x + 8. Calculate r(-4).
5
Let x = 1491 + -1496. Let y(f) = 8*f + 22. Give y(x).
-18
Let i(f) be the second derivative of 3*f**3/2 - 97*f**2/2 - 12*f - 1. Determine i(10).
-7
Let y(s) = 13*s + 2. Let w be (-3)/((-33)/(-9) + -4). Let x(k) = -w*k + 2*k + 1 + 6*k. Let b(z) = 3*x(z) - y(z). What is b(1)?
-15
Let l(r) = -2*r**2 - 1. Let i be (-52)/(-8) - 8/16. Let v = i - 7. Determine l(v).
-3
Let q be 2/(-9 - (-905)/105)*(2 + -6). Let z(x) = x**3 - 21*x**2 - 30. What is z(q)?
-30
Let z = 12288 + -12286. Let s(x) = 3*x**3 - 2*x**2 - 4*x + 10. Determine s(z).
18
Let o(q) = -7 - 2*q - 4*q + q**2 + 0*q + 5*q. Let z(j) = 3*j**3 + 16*j**2 + 2*j - 3. Let k be z(-5). Suppose -8 = -2*g, -3*u - 8 = -5*g + k. What is o(u)?
-7
Let p be 1 - (0 - -1) - (-21)/7. Let g(i) = -p*i**2 - 37*i - 3*i**2 + 28*i - 8 + i**3. Calculate g(7).
-22
Let b(r) = -r**2 + 7*r + 1. Let t(n) = n**3 - 5*n**2 - 2*n + 5. Let k(s) = 4*s - 28. Let w be k(8). Let i be t(w). Let v = 25 + i. Calculate b(v).
7
Let j(k) = 3*k + 10. Let w(f) = 2*f + 5. Let b(d) = 5*j(d) - 8*w(d). Suppose 15*v - 20 = 11*v. Calculate b(v).
5
Suppose 14*z = -66 + 192. Let p(s) = s**2 - 16*s - 6. Give p(z).
-69
Let m(h) = 10*h - 124. Let s(d) = d**3 + 18*d**2 - 69*d + 31. Let f be s(3). Determine m(f).
6
Let l(s) = -s**3 - 22*s**2 - s - 31. Suppose 2*x = -2 - 8, 3*g - 3*x = -51. Calculate l(g).
-9
Let m(n) be the third derivative of n**6/120 - n**5/60 - n**4/24 - 3*n**3/2 + n**2. Let z(u) = 2*u**2 + 639*u - 1935. Let q be z(3). Calculate m(q).
-9
Suppose 18 = 8*z - 94. Let f(x) = 1903*x - x**2 + z*x**2 + 9 - 1911*x - 2*x**3. Determine f(6).
-3
Suppose -5*g - 5*s = -15, -10 = -2*g + 5*s - 3*s. Suppose -29*i + 667 = -0*i. Let k(x) = -3 + 19*x**2 + 4*x - i*x**2 + 2*x**3 - 5*x**3 + 4*x**3. Determine k(g).
13
Let q(f) = -7*f - 810*f**2 + 402*f**2 - 8 - f + 407*f**2. Give q(-11).
-41
Let g(o) = -o**2 - 4*o - 5. Let h(y) = -10. Let j(p) = -g(p) + h(p). Suppose 0 = 2*q + 3*q + 2*w + 40, 5*q + 55 = -5*w. Give j(q).
7
Let l be ((-48)/(-4))/4 - 182. Let n = l + 184. Let p(r) = r + 6. Let m(i) = 1. Let u(o) = -21*m(o) + 3*p(o). Determine u(n).
12
Let y(o) = o**2 + 3*o - 7. Let t(v) = 4*v**2 - 2*v + 21. Let a be t(7). Let f = 198 - a. Give y(f).
3
Suppose 4*c = -2*q + 5*c + 395, -3*c + 187 = q. Let h(a) = 90*a + 91*a - q*a - a**2. Calculate h(-15).
0
Let o(x) = 142*x + 3990. Let d be o(-28). Let a(p) = -p**2 + 14*p. Give a(d).
0
Let a(x) = -x**3 + 4*x**2 + x + 9. Let g(m) = -2*m**3 + 13*m**2 + 4*m + 25. Let y be g(7). Calculate a(y).
13
Let x(f) = f**2 + 28*f - 6. Let r(o) = -4*o**2 - 91*o + 17. Let h(p) = -2*r(p) - 7*x(p). Calculate h(6).
-40
Suppose -17 = -5*g - 2. Suppose 2*n - 5*m = -g*m, 5*n = -2*m + 28. Let s(y) = y**2 - 6*y + 3. What is s(n)?
-5
Let b(w) be the first derivative of w**4/24 - 49*w**2 - 18. Let a(c) be the second derivative of b(c). Calculate a(3).
3
Let s(t) = t**3 - 4*t**2 + 4*t - 3. Suppose 2*b + 45 = 9. Let j be (8 + b)*(-6)/30. What is s(j)?
-3
Let x(o) = o**3 + 5*o**2 - o - 3. Suppose 5*s = 5*w - 55, -24*w + 35 = -s - 19*w. Calculate x(s).
2
Let h(n) = -n**2 + 26*n - 9. Let m(y) = -3*y + 1. Let b be 15/((-45)/24) + 2. Let d(a) = b*m(a) - h(a). Give d(8).
3
Let d(r) = -r**3 + 122*r + 6*r**2 + 129*r + 124*r - 365*r - 10. Calculate d(7).
11
Let q(h) = -8*h - 2. Let d(i) = 6*i. Let n(k) = -k - 1. Let p(a) = d(a) - n(a). Let u(c) = -7*p(c) - 6*q(c). Calculate u(4).
1
Let h(q) be the first derivative of -115 + q + 1/3*q**3 - 9/2*q**2. What is h(8)?
-7
Let p be 63/14*2*3/9. Let z(j) be the first derivative of -7*j - 17 - 1/2*j**2 + 1/3*j**p. Calculate z(5).
13
Let c(i) be the first derivative of i**3/3 + 7*i**2 + 5*i + 491. Let m(y) = -y**3 + 3*y - 14. Let s be m(0). What is c(s)?
5
Let r(i) be the third derivative of 1/60*i**5 - i - 6*i**2 - 3/2*i**3 - 11/24*i**4 + 0. Give r(10).
-19
Suppose 32*s = 36*s - 140. Suppose 5*w = -q - s, 5*q + 50 = -5*w + q. Let h(y) = -y + 1. Let i(k) = 2*k - 1. Let n(p) = -5*h(p) - 2*i(p). What is n(w)?
-9
Let v(h) be the first derivative of h**4/4 - 29*h**3/3 + h**2 - 50*h + 7. Let w be v(29). Let n(u) = -u**3 + 8*u**2 + 2*u - 6. Determine n(w).
10
Let i(k) be the second derivative of -3/2*k**2 - 68*k + 5/3*k**3 + 0 - 1/6*k**4. Determine i(4).
5
Let s be (-15 + 9)*1/(4/(-22)). Let z(u) = 31*u**2 + 2 - 63*u**2 + s*u**2 + u. What is z(-1)?
2
Let x(f) = f + 4. Let q be x(5). Suppose 0*o + q = o. Let h be o/((-6 - -4)/(8/6)). Let s(c) = c**3 + 5*c**2 - 7*c + 6. Give s(h).
12
Let q(d) be the third derivative of -d**6/120 + 23*d**5/60 + 13*d**4/12 - 59*d**3/6 + 270*d**2 - 1. Give q(24).
-11
Suppose -11*y + 126 = 115. Let b(r) = -r**3 + y + 1 + r + 0 + r**2. Give b(2).
0
Let m(l) = 2*l**3 + 2*l**2 + 5*l + 7. Suppose -57 = -1255*w + 1274*w. Calculate m(w).
-44
Let s(q) = -8*q**3 + 12*q**2 + 12*q - 5. Let a = -1036 - -1041. Let u(v) = -13*v**3 + 18*v**2 + 18*v - 8. Let d(z) = a*u(z) - 8*s(z). Determine d(-4).
-8
Let k be (-30)/(-12)*(5 + -7). Let c(y) = 70 - y**3 + 69 + 6*y - 5*y**2 - 136. Calculate c(k).
-27
Let q(c) = c**2 - 7*c + 11. Let l = 256 + -253. Give q(l).
-1
Let o(u) be the second derivative of u**4/12 - 11*u**3/6 + 14*u**2 + u - 79. What is o(10)?
18
Let n(x) = -2*x**3 + 2*x**2 + x - 1. Let v(g) = 2*g - 45. Let r(c) = -3*c - 1. Let f(o) = -5*r(o) - v(o). Let m be f(-4). Give n(m).
21
Suppose -18 = 3*f + 18. Let a be (0 - (-8)/12)*(f - 0). Let j(w) = 2*w + 8. What is j(a)?
-8
Let v(j) be the first derivative of 238 - 13/2*j**2 - 4*j. What is v(-3)?
35
Let w be (-2)/9 + 3*32/(-54). Let i be -1*21*w/6. Let h(y) = 10*y - i*y - y + 5. Give h(-5).
-5
Let j(r) = 4*r**3 - 8*r**2 - 2*r - 2. Let k(m) = 5*m**3 - 8*m**2 - m - 3. Let d(f) = 6*j(f) - 5*k(f). Let h = 2464 - 2471. Determine d(h).
3
Let l(s) be the second derivative of -s**5/10 - s**4/6 - 2*s**3/3 - 2*s**2 - 256*s. Calculate l(-2).
12
Let m be 18/14 + -1 + 830/35. Let b(c) = 2*c + m - 14 - 7 - 4. Calculate b(-5).
-11
Let i be (-3)/(-4)*(-1280)/960. Let a(n) = 2*n**3 + n**2 - 1. Calculate a(i).
-2
Let o(i) = -5*i**3 + 5*i**2 + 8*i - 57. Let t(v) = -12*v**3 + 8*v**2 + 6*v - 114. Let n(q) = -5*o(q) + 2*t(q). What is n(11)?
-9
Let d be 15/5*(0 - 1) + -3. Let z(i) = 2*i**2 + 15*i + 12. What is z(d)?
-6
Let n be 88/(-55)*10/4. Let m be n/(-6)*(-351)/78. Let o(b) = b - 1. Calculate o(m).
-4
Let l(b) = -3*b + 2. Let y(f) = -f + 22. Let s = 16 - -3. Let i be y(s). Suppose i = 3*o - 6. What is l(o)?
-7
Suppose p + 3*z - 8*z + 7 = 0, -3*p + 11 = z. Let g(s) = -9*s + 4. Suppose 3*w = 11 + 10. Let o(b) = 5*b - 2. Let y(x) = w*o(x) + 4*g(x). Calculate y(p).
-1
Suppose -4*x = -3*s - 34, -2*s + 70*x - 19 = 71*x. Let g(q) = q**3 + 12*q**2 + 9*q - 5. Calculate g(s).
105
Suppose 4*d + 50 = 7*d + 4*t, 2*t = -2*d + 30. Let x(w) = -w**3 + 2*w - 1. Let g(l) = 7*l**3 - 11*l**2 - 3*l + 14. Let i(z) = -g(z) - 6*x(z). What is i(d)?
2
Let v(b) = -4*b + 23829 + 7*b**2 - 23829. Calculate v(2).
20
Let q(o) be the third derivative of -o**6/120 + o**5/60 - o**4/24 - o**3/2 + 16*o**2 + 5. Suppose t + 4*m + 19 = 6*t, -2*t + 10 = -4*m. Determine q(t).
-24
Let n(a) be the third derivative of a**6/120 - 7*a**5/30 + 5*a**4/3 - 7*a**3/6 - 9220*a**2. Determine n(4).
-7
Let z(l) = -19*l - 3. Let s(a) = -54*a - 10. Let t(k) = 6*s(k) - 17*z(k). Determine t(6).
-15
Suppose 2*f + 4*o + 2 = 8, 5*f - 2*o = 15. Suppose u + 1 = -h, -2*h - 20 = 2*u + f*u. Let d(b) = -83501*b + 166998*b - 83498*b - 10. Determine d(u).
-4
Let f(w) = -w**2 - 8*w - 1. Suppose 4*r + 102 = 10*r. Suppose -4*k - 7 = 3*l + 6, -k + 2*l - r = 0. Calculate f(k).
6
Let l(t) = 129 + 19 - 3*t - 158. Let j(r) = -r + 1. Let a be j(5). Determine l(a).
2
Let c(v) = v**3 - 3*v**2 - 3*v - 1. Let f be (-3 + 7)*(-93)/(-4). Let g = f - 49. Let w = 48 - g. Determine c(w).
3
Let n be (-18)/39*((-2210)/(-20))/(-17). Let u(q) = 2*q**2 + 5*q - 28. Calculate u(n).
5
Let g = 25685 + -25676. Let t(o) be the fir